t derivative of i**3/3 - 19*i + 38. Let m(d) be the first derivative of q(d). Let h(l) = -5*m(l) - p(l). Determine h(3).
9
Let q(x) be the third derivative of x**4/6 - x**3 - 24*x**2. Let d = -43 + 42. Let k(c) = 1. Let g(m) = d*q(m) - 6*k(m). Calculate g(-2).
8
Let i(s) = -2*s**2 + 8*s - 3. Suppose 0 = -7*l + 51 + 19. Let p(x) = x**2 - 6*x - 2. Let b be p(l). Let t = -33 + b. Give i(t).
-13
Suppose 0 = -0*g + 12*g + 552. Let n = -40 - g. Let x be (-81)/(-18) - (-9)/n. Let r(k) = k**2 - 7*k + 8. Calculate r(x).
2
Let m = -190 - -572/3. Let w(o) be the second derivative of -1/2*o**2 - m*o**3 - 13*o + 0. What is w(-2)?
7
Suppose -5*r - 30 = 5*o, 0 = -4*o - 5*r - 16 - 9. Let v(g) be the first derivative of -5*g**2/2 + 264. Let j(d) = 4*d. Let t(l) = o*v(l) - 6*j(l). Give t(4).
4
Let y(h) be the second derivative of 0 + 1/2*h**3 - 93*h - 3*h**2. Determine y(-3).
-15
Let g(m) = m**2 - 2 - m + 0*m - 6*m. Let h(a) = -7 + 29 + 3*a - 5*a. Let l be h(8). Determine g(l).
-8
Let t be 0 - 1/(2/(-4)). Suppose 0 = 2*a + 3*f + t, -14 = -2*a + f - 0*f. Suppose -p + 2*j = 16, -p + a*j - 33 = -2. Let w(r) = -r - 14. What is w(p)?
-8
Let p be (-711)/474 - 3/2. Let d(w) = -30*w - 97. Calculate d(p).
-7
Let o(f) = f**3 - 8*f**2 + 10*f - 13. Let c(k) = 3*k**2 + 2*k - 401. Let n be c(-12). Calculate o(n).
8
Let a(p) = -p**3 - 3*p**2 + 3*p + 4. Suppose 5*o - o = 7*o. Suppose s + 19 = -2*k, 3*k + o*k = s + 4. Let i be s + 5 + 3 + 1. Calculate a(i).
8
Let d(r) be the first derivative of 3*r + 5/2*r**2 - 1/3*r**3 - 52. What is d(5)?
3
Let x(f) = 7*f**2 + 23*f + 5*f**2 - 2*f - 11*f**2 - 14*f + 12. What is x(-3)?
0
Suppose -9 - 3 = -3*g - 3*h, h = 5*g - 38. Let x(p) = p + 38. Let r be x(-15). Let a(f) = r*f - 3 - 20*f - 4. Give a(g).
14
Let g(n) = -5*n + 87. Let k(r) = 2*r - 27. Let w(h) = -4*g(h) - 12*k(h). What is w(-19)?
52
Let x be 7 - (140/(-56))/(1/(-2)) - -1. Let q(p) = -6*p**2 - 5*p + 9. Determine q(x).
-60
Let s = -35 - -89. Suppose -5*f - 81 = s. Let m = f - -31. Let r(z) = 3*z - 2. Calculate r(m).
10
Suppose 350 = 3*n - 1582. Let w = n - 649. Let j(a) = -a**3 - 3*a**2 - 2*a - 3. Calculate j(w).
57
Let m(i) be the first derivative of -4*i**2 + 1/3*i**3 + 8*i + 86. Calculate m(7).
1
Let d(g) be the second derivative of -g**4/12 + 7*g**3/3 - 6*g**2 - 194*g + 1. Determine d(11).
21
Let t(i) = -108*i - 102. Let a(w) = 5*w - 1. Let z(c) = 24*a(c) + t(c). Calculate z(11).
6
Let s(w) = 7*w**2 - w - 2. Suppose -56*c = 222 - 110. Give s(c).
28
Let t(b) = -b**2 + 6*b + 1. Let m(q) = 7*q + 1. Let x(s) = -3*m(s) + 4*t(s). Let z = -6159 - -6158. What is x(z)?
-6
Let n be 5*(-23)/(-115) - 3. Let r(g) = -52*g - 1. Determine r(n).
103
Let m(y) = -49*y - 2*y**2 + 31*y + 4 + 24*y. Let p(z) = z**2 + 46*z + 3. Let b be p(-46). What is m(b)?
4
Let j(n) = -3*n**3 + 3*n**2 - 5*n + 4. Let k(f) = 22*f**3 - 22*f**2 + 37*f - 30. Let l(q) = 15*j(q) + 2*k(q). Determine l(0).
0
Let d(o) be the second derivative of 11*o**3/6 + 423*o**2/2 + o + 5875. Determine d(-39).
-6
Let u = 3 + 0. Let y(f) be the second derivative of -f**5/20 + f**4/4 + f**3/6 - 2*f**2 + 1453*f. Determine y(u).
-1
Let d(g) = -7*g**3 + 7*g**2 - 5 + 0*g**2 - 2*g**3 + 8*g**3. Let j(m) = 6*m**2 + 7*m - 6. Let l be j(1). Calculate d(l).
-5
Let j(m) = -211*m**3 - 25*m**2 - 46*m - 213*m**3 - 206*m**3 - 2 + 839*m**3 - 210*m**3. Determine j(-23).
-2
Let h(f) be the first derivative of -f**4/4 + 11*f**3/3 - 10*f**2 + 13*f - 2433. Determine h(9).
-5
Let k(d) = 16*d + 21. Let m(t) = 24*t + 32. Let n(o) = -8*k(o) + 5*m(o). Let r(y) = 9*y + 8. Let j(i) = -7*n(i) - 6*r(i). Suppose z + 8 = 1. Determine j(z).
-6
Let j(l) = -l**3 - 8*l**2 + 8. Let h be j(-8). Let c(w) = -w - 2 + h - 9. Let y = -303 + 296. Give c(y).
4
Let r(g) = -g**3 + 5*g**2 - 5*g + 4. Let b be (5/(-2) - -1)/(45/(-60)). Let o be 1*(b - 12)*56/(-10). Let u = -51 + o. Determine r(u).
-21
Suppose 3*q - 9 = 6*q, 3*u - 4*q = 0. Let f(x) = -4*x**2 - 7*x + 4. Let w(r) = 5*r**2 + 9*r - 5. Let l(g) = -6*f(g) - 5*w(g). Calculate l(u).
-3
Let l(h) = -4*h**2 - 407 + 408 + h**2 - 9*h**3. Let n be l(-1). Let c(f) = -f**2 + 7*f. Calculate c(n).
0
Let d(y) = -y**3 - 6*y**2 - 4*y + 6. Let n(z) = z**2 - 8*z + 26. Let p be n(6). Let j = -10 + p. Suppose 4*u + 4 = 2*w + 6, j*u - 12 = 4*w. Calculate d(w).
1
Let q = -11 - -18. Let w(x) = x**3 - 9*x**2 - 14*x + 12. Let f(h) = h**3 - 10*h**2 - 15*h + 14. Let a(r) = 4*f(r) - 5*w(r). Determine a(q).
-32
Let y(l) = -4*l - 18. Let m(k) = -5*k - 19. Let n(p) = 5*m(p) - 6*y(p). Let t be n(7). Let b be t/((2 - 1) + 0). Let g(w) = w**2 - 6*w + 8. What is g(b)?
8
Let l(s) = -5*s - 10. Let j(k) = -6*k - 11. Let g(r) = -3*j(r) + 4*l(r). Let v = 143 + -78. Suppose -14*m = -m + v. Calculate g(m).
3
Let x(f) = -18*f**2 + f - 8. Suppose 9*a + 64 = 25*a. Let m(q) = 20*q**2 - q + 10. Let z(y) = a*m(y) + 5*x(y). Calculate z(1).
-9
Suppose 160039*n - 160052*n = 455. Let k(r) = 2*r + 74. Calculate k(n).
4
Let w(x) be the third derivative of x**5/60 + x**4/8 + 5*x**3/6 - 4*x**2. Suppose d + 4*f + 35 = 0, 7336*f = -3*d + 7334*f - 25. What is w(d)?
5
Let g(k) = 14*k - 60*k + k**2 + 3*k - 63 + 17*k - 74. Give g(-5).
18
Let v(j) = -27*j - 130. Let i be v(-5). Suppose i*m + t - 44 = 0, 4*m + 6*t - 9*t - 39 = 0. Let d(w) = -w**2 + 9*w - 3. Determine d(m).
-3
Let y(m) = -61*m + 64. Let q(p) = 746*p + 3731. Let c be q(-5). Calculate y(c).
3
Let g(j) be the first derivative of -4*j**2 - 56*j - 1018. Give g(-6).
-8
Suppose 4*a = 8*a + 228. Let i be (14/(-10))/(a/(-15) - 4). Suppose 0 = 2*j + 2*j - g - i, -g + 9 = 4*j. Let r(x) = x - 1. Give r(j).
1
Let w = -155 - -166. Let r(p) = 152 - 75 - p**2 + 13*p - 71. Determine r(w).
28
Suppose 4*y = -3*w + 11, -w - 57 = -6*w + 3*y. Let b = 19 - w. Let d(v) be the first derivative of -v**3/3 + 5*v**2 - 8*v - 3978. Give d(b).
-8
Let v = 432 - 385. Let z(x) = 76 - v + x - 2*x - 42. Calculate z(-7).
-6
Let y(l) = -2*l**2 + 2*l + 3. Suppose 13*n - 47 = 122. Suppose -n = 3*c + o, 11 = -4*c - o - 5. What is y(c)?
-21
Let s(r) = 275 - 48*r + 191 + 363 - 1007. Give s(-4).
14
Suppose -11*u + 0*u = 11. Let q be 7 + u + 8 + -12. Let n(g) = 3 + 3*g + g**3 + g + q*g**2 + 4*g - 6*g. Calculate n(-2).
-1
Suppose -2225 = -353*c - 1535 + 2840. Let t(f) be the first derivative of c + f + 1/2*f**2 + 1/3*f**3. What is t(0)?
1
Let b(c) = 2*c**2 + 8*c - 4. Suppose 0*x - 119 = 17*x. Let a(s) = 5*s**2 + 16*s - 7. Let o(n) = x*b(n) + 3*a(n). Calculate o(5).
-8
Let r be (-3)/(-2) + 645/(-86). Let d(t) = 2*t**2 - 8*t - 9. Let k(s) = -3*s**2 + 15*s + 18. Let a(u) = 5*d(u) + 3*k(u). What is a(r)?
15
Let y = 1522 + -1528. Let g(n) = 5*n**2 + 13*n - 7. Give g(y).
95
Suppose -12 = -q - 0. Let v = q - 15. Let c(y) be the third derivative of y**6/120 + y**5/30 + y**3/6 + 38*y**2 + 2. What is c(v)?
-8
Let m(d) = -2*d**2 - d + 1. Let t(z) = -7*z - 64. Let u be t(-11). Suppose -13 = -0*n + 3*n - w, -4*w + u = n. Give m(n).
-14
Let q = 54 - 49. Suppose q*t - 3*a = -72 - 37, 4*a + 48 = -3*t. Let z be 5*(-3 + (-52)/t). Let s(g) = g. Give s(z).
-2
Suppose 4*u - k + 5 = 0, -5*u = 5*k + 2 + 23. Let h(z) = -10*z - 17. Let i be h(u). Let y(j) = j**3 - j**3 + 0*j**i + j**3. Determine y(-2).
-8
Let p(g) = -4*g**3 - 2*g**2 - 6*g - 10. Let s be p(-2). Let b(m) = 33 - 4*m + m**3 - 94 + s + 34 - m**2. Let n(i) = -i + 8. Let z be n(5). What is b(z)?
5
Let m(z) = z**2 - 15*z + 36. Let t be (71/(-9) + 22/(-198))*1 - -16. What is m(t)?
-20
Let y(l) = l**3 - 7*l**2 + 16*l - 101. Let z be y(7). Let k(b) be the third derivative of 0*b - 1/6*b**4 + 5/6*b**3 + 0 + z*b**2. Calculate k(6).
-19
Let f(p) = -p**3 - 6*p**2 + 5*p - 7. Suppose 3*h = 2*d + 16, -33*h + 37*h = d + 13. Give f(d).
-57
Let l(m) = -m**2 + 6*m + 6. Let t(y) = 5*y**2 - 10*y - 18. Let b be t(7). Let g = b - 160. What is l(g)?
-21
Let g(b) be the second derivative of -b**3/2 - 67*b**2/2 + 222*b - 3. What is g(-21)?
-4
Let n(d) be the second derivative of 9 - 2*d - 1/20*d**5 - 11/12*d**4 + 4*d**2 - 3/2*d**3. Determine n(-10).
-2
Let w(t) = -3*t**2 + 4. Suppose 4*s = 2*n - 92, -s = 2*n - 0*s - 92. Let o = n - 48. Let h(m) = -10*m**2 + m + 13. Let f(j) = o*h(j) + 7*w(j). Determine f(-2).
2
Let q(g) = -g + 1. Let l be (2*(-4)/8)/(9/18). Let f(h) = -8*h + 6. Let p(z) = l*f(z) + 12*q(z). What is p(-6)?
-24
Let h be (2/3)/(1/6). Sup